32a
In base 16, what is b - -1ce?
1d9
In base 12, what is 3 - a051?
-a04a
In base 7, what is 11 + 440215?
440226
In base 16, what is 0 - -7087?
7087
In base 14, what is -3ac3 - -8?
-3ab9
In base 14, what is 7 - -1c98?
1ca1
In base 12, what is 0 - -10b66?
10b66
In base 10, what is 88 - -7383?
7471
In base 2, what is -111101000000001110110 - 101?
-111101000000001111011
In base 15, what is -4a960 - 3?
-4a963
In base 6, what is 5115011 - 2?
5115005
In base 5, what is 1 + -3330303?
-3330302
In base 6, what is 15540 - -213?
20153
In base 9, what is 2403821 + -2?
2403818
In base 6, what is -1343 - 253?
-2040
In base 16, what is 5810aa - 1?
5810a9
In base 10, what is 3184 - 0?
3184
In base 13, what is -2a1 + -74?
-345
In base 4, what is 21333 - 1332?
20001
In base 5, what is 1100 - 144102?
-143002
In base 6, what is -3 + 1504001?
1503554
In base 7, what is 154224 - -4?
154231
In base 4, what is -20323111 - 11?
-20323122
In base 5, what is 40 - -224?
314
In base 12, what is 29 - 267?
-23a
In base 8, what is -2 - 2664012?
-2664014
In base 6, what is 1152 - -4122?
5314
In base 2, what is -11111001000 - 1101100?
-100000110100
In base 11, what is 262371 - -2?
262373
In base 6, what is -240 + -4541?
-5221
In base 12, what is 275aa9 + 5?
275ab2
In base 14, what is -1c3 - -826?
643
In base 9, what is 4 - -1782030?
1782034
In base 9, what is 110665 - 2?
110663
In base 4, what is 23012303 + 12?
23012321
In base 8, what is 46574 - -114?
46710
In base 14, what is -6479 - -a?
-646d
In base 7, what is -50633 + -15?
-50651
In base 15, what is -136ebe + 1?
-136ebd
In base 7, what is 10 - 4432?
-4422
In base 14, what is 2 + -b69c?
-b69a
In base 9, what is 13031 + -12?
13018
In base 7, what is 1203 + 24651?
26154
In base 13, what is 2 + -661a0?
-6619b
In base 6, what is -2 - -1134114?
1134112
In base 13, what is -5 + 7880?
7878
In base 13, what is -ac + bb7?
b08
In base 12, what is -43 + 50?
9
In base 9, what is -4535 - 5?
-4541
In base 4, what is 1012 - -32300131?
32301203
In base 15, what is 7144 + 5?
7149
In base 6, what is -21025332 - 1?
-21025333
In base 6, what is -1 + -1001431?
-1001432
In base 2, what is 1 - -10110001111111011?
10110001111111100
In base 7, what is 103 - -5611?
6014
In base 10, what is -5 + 467882?
467877
In base 2, what is 1001111111010001001 - 101?
1001111111010000100
In base 5, what is -20 + 1030221?
1030201
In base 4, what is 101 + -2201222?
-2201121
In base 3, what is 1012212210 + -11?
1012212122
In base 5, what is 1130 + 112411?
114041
In base 5, what is 1232330 - 10?
1232320
In base 3, what is 120210121 - 200?
120202221
In base 9, what is -5555612 + -1?
-5555613
In base 13, what is 26 + -3a7?
-381
In base 4, what is -103013 - -1133?
-101220
In base 3, what is 10210021021100 - 10?
10210021021020
In base 13, what is 2 + 3cb53?
3cb55
In base 13, what is -5171c0 - 4?
-5171c4
In base 4, what is -2 + -131303?
-131311
In base 3, what is 1011222 - -110?
1012102
In base 16, what is -b - 165a?
-1665
In base 5, what is 0 + -341223?
-341223
In base 2, what is 10001010011000111 - 1001?
10001010010111110
In base 11, what is -213 - -1061?
949
In base 10, what is -1 - 4145?
-4146
In base 8, what is -5 - 337474?
-337501
In base 16, what is -7f2 + 1a?
-7d8
In base 14, what is -5 + 41c01?
41bda
In base 12, what is 7205b - -5?
72064
In base 7, what is -121 - 13266?
-13420
In base 2, what is -1011011100 + 10011?
-1011001001
In base 16, what is 5 - 6fa2?
-6f9d
In base 12, what is -1 + -271451?
-271452
In base 11, what is 75 + -1270?
-11a6
In base 16, what is 9d3a - 5?
9d35
In base 5, what is -1 - -31122402?
31122401
In base 9, what is -4041 - 248?
-4300
In base 12, what is -3a4 + -63?
-447
In base 2, what is 10010 + 100010010110000?
100010011000010
In base 9, what is 5644 + 41?
5685
In base 2, what is -10100010010110 + -100?
-10100010011010
In base 16, what is -b8 - -bc?
4
In base 14, what is -a1 - 356?
-417
In base 10, what is 276828 - -4?
276832
In base 12, what is 31 - 7b6?
-785
In base 10, what is 0 - -30909?
30909
In base 15, what is -145 - 3907?
-3a4c
In base 3, what is 10221021111 + 0?
10221021111
In base 5, what is 21 + -14432?
-14411
In base 5, what is 13130 - -22334?
41014
In base 13, what is 560b - 6?
5605
In base 12, what is -6 - 252595?
-25259b
In base 14, what is -34 + 59bd?
5989
In base 9, what is 2 + -100380?
-100377
In base 4, what is -1031201 - -32?
-1031103
In base 15, what is 194a + 2?
194c
In base 6, what is 1315214 + 105?
1315323
In base 2, what is -1100000011 - 11000001110?
-100100010001
In base 8, what is -67363 - -3?
-67360
In base 12, what is -197593 - 1?
-197594
In base 12, what is -4b2 + -1902?
-21b4
In base 2, what is 11000010000101 - 1110?
11000001110111
In base 9, what is -20 + -24578?
-24608
In base 6, what is 220 + 1102?
1322
In base 12, what is b93 + -43?
b50
In base 11, what is 108 - 31a?
-212
In base 8, what is -11124661 + -1?
-11124662
In base 7, what is 2 + -2332?
-2330
In base 14, what is 5 + c461?
c466
In base 6, what is 0 - 1101242?
-1101242
In base 2, what is -11 + 1001100100011001111?
1001100100011001100
In base 4, what is -31213023 - -11?
-31213012
In base 10, what is -1797 + 44?
-1753
In base 14, what is -389 + -c2?
-46b
In base 11, what is 2 - -8754?
8756
In base 10, what is 297 + 925?
1222
In base 7, what is 1611560 + 2?
1611562
In base 15, what is -5d0e8 + -2?
-5d0ea
In base 6, what is -40 - -1450540?
1450500
In base 13, what is 4261 + -7?
4257
In base 15, what is 77 + d5?
15c
In base 14, what is 25cdd5 - 5?
25cdd0
In base 15, what is -1b4 + -6?
-1ba
In base 8, what is 1704701 + 1?
1704702
In base 5, what is -224 + -144121?
-144400
In base 7, what is -322164 + 6?
-322155
In base 4, what is -11 + -313010?
-313021
In base 14, what is a19 - 3?
a16
In base 14, what is 983d - -8?
9847
In base 13, what is a6cc + 36?
a735
In base 11, what is -13220 - -7?
-13214
In base 5, what is 4430424 + 1?
4430430
In base 13, what is b36b1 + 2?
b36b3
In base 7, what is -32066 - -1026?
-31040
In base 9, what is -102 + 317?
215
In base 15, what is 44d6 - 0?
44d6
In base 8, what is -14311 + -407?
-14720
In base 4, what is 210132 - -2?
210200
In base 5, what is -2 - 12330234?
-12330241
In base 8, what is 0 - 134710?
-134710
In base 16, what is 1b - 37c?
-361
In base 6, what is 315 + 341?
1100
In base 3, what is -22200111 - -120?
-22122221
In base 13, what is 1856 - 26?
1830
In base 2, what is 11 - -10001011000011?
10001011000110
In base 4, what is 23 + -131122113?
-131122030
In base 5, what is -1432340 - -1240?
-1431100
In base 11, what is 3 - -68623?
68626
In base 11, what is -35 - -4a9?
474
In base 12, what is 236 + -87?
16b
In base 12, what is b5 - -37?
130
In base 3, what is 11021120 - 20200?
11000220
In base 5, what is 2 - 204203314?
-204203312
In base 15, what is -3b7 + -26?
-3dd
In base 12, what is 4 + -7a10?
-7a08
In base 5, what is -2 - -122141114?
122141112
In base 7, what is 30051051 - 4?
30051044
In base 3, what is -11 + 1100210011?
1100210000
In base 6, what is -20 - 431024?
-431044
In base 8, what is 20 + 2373?
2413
In base 15, what is -1a - -d92?
d77
In base 13, what is -387 + -236?
-5c0
In base 2, what is -11 + -11010010101101?
-11010010110000
In base 16, what is -4e0e - -30?
-4dde
In base 11, what is 13650 - -5?
13655
In base 3, what is 1021110212 + -201?
1021110011
In base 7, what is 1 - 1541014?
-1541013
In base 3, what is 111021120 + -10?
111021110
In base 9, what is 254 + 510?
764
In base 15, what is -535a - 5?
-5360
In base 14, what is -102 + 35a?
258
In base 10, what is -885776 + 2?
-885774
In base 9, what is 184 + 0?
184
In base 11, what is 45 - -123?
168
In base 13, what is -13 - -18c0?
18aa
In base 9, what is 5 + 3246?
3252
In base 12, what is 224b9 - 13?
224a6
In base 15, what is ee + 75?
174
In base 10, what is -2230 + -516?
-2746
In base 7, what is 123 + -1662?
-1536
In base 12, what is 3785bb0 + 2?
3785bb2
In base 16, what is -39f03 + 3?
-39f00
In base 12, what is -1 - 933a?
-933b
In base 16, what is -a415 + -c?
-a421
In base 11, what is -6a3 - 155?
-848
In base 11, what is -11431 - -2?
-1142a
In base 16, what is 506a6 - -2?
506a8
In base 5, what is 2 - 14223233?
-14223231
In base 5, what is 13 - -231410?
231423
In base 12, what is -528 - 47?
-573
In base 12, what is -3 - -a7353?
a7350
In base 4, what i